he hundreds digit of 3512?
5
What is the hundreds digit of 3026?
0
What is the hundreds digit of 1624?
6
What is the hundreds digit of 2797?
7
What is the thousands digit of 19317?
9
What is the hundreds digit of 13172?
1
What is the units digit of 26342?
2
What is the thousands digit of 22432?
2
What is the tens digit of 768?
6
What is the thousands digit of 1551?
1
What is the hundreds digit of 2053?
0
What is the tens digit of 1254?
5
What is the hundreds digit of 6447?
4
What is the units digit of 59310?
0
What is the tens digit of 1499?
9
What is the tens digit of 2550?
5
What is the tens digit of 55497?
9
What is the tens digit of 2681?
8
What is the tens digit of 1278?
7
What is the tens digit of 4525?
2
What is the ten thousands digit of 14205?
1
What is the hundreds digit of 76384?
3
What is the tens digit of 1368?
6
What is the tens digit of 7713?
1
What is the hundreds digit of 223?
2
What is the units digit of 2508?
8
What is the units digit of 34948?
8
What is the hundreds digit of 26859?
8
What is the units digit of 8854?
4
What is the thousands digit of 1776?
1
What is the hundreds digit of 7446?
4
What is the units digit of 78214?
4
What is the tens digit of 44861?
6
What is the units digit of 1138?
8
What is the tens digit of 58792?
9
What is the tens digit of 6122?
2
What is the units digit of 147384?
4
What is the units digit of 356?
6
What is the hundreds digit of 17927?
9
What is the tens digit of 9506?
0
What is the units digit of 2410?
0
What is the tens digit of 68945?
4
What is the units digit of 460?
0
What is the tens digit of 11800?
0
What is the tens digit of 420?
2
What is the thousands digit of 117915?
7
What is the thousands digit of 63370?
3
What is the hundreds digit of 1120?
1
What is the tens digit of 7953?
5
What is the hundreds digit of 616?
6
What is the units digit of 55891?
1
What is the hundreds digit of 2359?
3
What is the units digit of 5741?
1
What is the thousands digit of 1869?
1
What is the hundreds digit of 38691?
6
What is the hundreds digit of 21501?
5
What is the hundreds digit of 1042?
0
What is the hundreds digit of 1297?
2
What is the hundreds digit of 6881?
8
What is the thousands digit of 1786?
1
What is the ten thousands digit of 31666?
3
What is the units digit of 12979?
9
What is the units digit of 633?
3
What is the hundreds digit of 3408?
4
What is the tens digit of 38921?
2
What is the hundreds digit of 278?
2
What is the thousands digit of 4128?
4
What is the hundreds digit of 72770?
7
What is the thousands digit of 9149?
9
What is the units digit of 2762?
2
What is the tens digit of 416?
1
What is the hundreds digit of 948?
9
What is the units digit of 2744?
4
What is the units digit of 6580?
0
What is the tens digit of 2538?
3
What is the tens digit of 800?
0
What is the units digit of 6486?
6
What is the units digit of 392?
2
What is the ten thousands digit of 15191?
1
What is the thousands digit of 23740?
3
What is the ten thousands digit of 25053?
2
What is the ten thousands digit of 53462?
5
What is the units digit of 159?
9
What is the tens digit of 93182?
8
What is the tens digit of 5363?
6
What is the tens digit of 45406?
0
What is the units digit of 13395?
5
What is the hundred thousands digit of 188021?
1
What is the ten thousands digit of 59277?
5
What is the tens digit of 409?
0
What is the hundreds digit of 108419?
4
What is the units digit of 941?
1
What is the units digit of 10791?
1
What is the units digit of 320?
0
What is the units digit of 5427?
7
What is the units digit of 3363?
3
What is the tens digit of 26065?
6
What is the tens digit of 1313?
1
What is the units digit of 388?
8
What is the hundreds digit of 44425?
4
What is the ten thousands digit of 78394?
7
What is the units digit of 3433?
3
What is the thousands digit of 23951?
3
What is the units digit of 52456?
6
What is the units digit of 814?
4
What is the units digit of 3030?
0
What is the thousands digit of 1191?
1
What is the hundreds digit of 39047?
0
What is the thousands digit of 1949?
1
What is the ten thousands digit of 75789?
7
What is the tens digit of 21692?
9
What is the thousands digit of 3230?
3
What is the hundreds digit of 1058?
0
What is the units digit of 12721?
1
What is the thousands digit of 33959?
3
What is the hundreds digit of 5397?
3
What is the hundreds digit of 1685?
6
What is the ten thousands digit of 20920?
2
What is the hundreds digit of 4471?
4
What is the hundreds digit of 795?
7
What is the hundred thousands digit of 119879?
1
What is the units digit of 1404?
4
What is the hundreds digit of 13757?
7
What is the thousands digit of 63710?
3
What is the thousands digit of 2206?
2
What is the tens digit of 59112?
1
What is the tens digit of 979?
7
What is the tens digit of 1857?
5
What is the ten thousands digit of 18558?
1
What is the thousands digit of 1193?
1
What is the units digit of 16959?
9
What is the units digit of 2648?
8
What is the ten thousands digit of 183614?
8
What is the ten thousands digit of 13740?
1
What is the tens digit of 1393?
9
What is the thousands digit of 37413?
7
What is the hundreds digit of 20844?
8
What is the hundreds digit of 442?
4
What is the ten thousands digit of 49622?
4
What is the tens digit of 136?
3
What is the units digit of 13563?
3
What is the hundreds digit of 19389?
3
What is the hundreds digit of 955?
9
What is the thousands digit of 1365?
1
What is the thousands digit of 1502?
1
What is the hundreds digit of 513?
5
What is the tens digit of 160737?
3
What is the hundreds digit of 9131?
1
What is the units digit of 38690?
0
What is the hundreds digit of 33461?
4
What is the ten thousands digit of 171432?
7
What is the tens digit of 468?
6
What is the hundreds digit of 37039?
0
What is the thousands digit of 1044?
1
What is the ten thousands digit of 63401?
6
What is the tens digit of 513?
1
What is the units digit of 7954?
4
What is the hundreds digit of 5643?
6
What is the thousands digit of 7311?
7
What is the hundreds digit of 6442?
4
What is the units digit of 865?
5
What is the units digit of 10?
0
What is the tens digit of 23163?
6
What is the hundreds digit of 2482?
4
What is the units digit of 739?
9
What is the units digit of 32537?
7
What is the hundreds digit of 1469?
4
What is the hundreds digit of 9382?
3
What is the hundreds digit of 65481?
4
What is the hundreds digit of 520?
5
What is the ten thousands digit of 24037?
2
What is the units digit of 3589?
9
What is the units digit of 77522?
2
What is the ten thousands digit of 17391?
1
What is the units digit of 3159?
9
What is the hundreds digit of 31606?
6
What is the hundreds digit of 3575?
5
What is the thousands digit of 19806?
9
What is the units digit of 136236?
6
What is the tens digit of 1853?
5
What is the tens digit of 1168?
6
What is the hundreds digit of 1095?
0
What is the hundreds digit of 48527?
5
What is the thousands digit of 38382?
8
What is the tens digit of 581?
8
What is the thousands digit of 2493?
2
What is the units digit of 36376?
6
What is the hundreds digit of 467?
4
What is the units digit of 40473?
3
What is the tens digit of 3038?
3
What is the thousands digit of 5131?
5
What is the tens digit of 17758?
5
What is the units digit of 969?
9
What is the tens digit of 61279?
7
What is the tens digit of 641?
4
What is the tens digit of 70433?
3
What is the ten thousands digit of 18208?
1
What is the hundreds digit of 8992?
9
What is the hundreds digit of 4401?
4
What is the tens digit of 2377?
7
What is the hundreds digit of 612?
6
What is the hundreds digit of 273?
2
What is the units digit of 1001?
1
What is the thousands digit of 1445?
1
What is the tens digit of 3479?
7
What is the units digit of 2411?
1
What is the units digit of 4714?
4
What is the thousands digit of 18864?
8
What is the hundreds digit of 7889?
8
What is the tens digit of 176?
7
What is the tens digit of 24805?
0
What is the units digit of 1421?
1
What is the units digit of 2341?
1
What is the thousands digit of 6248?
6
What is the tens digit of 9508?
0
What is the tens digit of 4362?
6
What is the thousands digit of 35790?
5
What is the units digit of 663?
3
What is the hundreds digit of 30060?
0
What is the tens digit of 2227?
2
What is the tens digit of